{"id":65,"date":"2018-02-10T10:34:23","date_gmt":"2018-02-10T09:34:23","guid":{"rendered":"http:\/\/hoechel.com\/?page_id=65"},"modified":"2018-08-27T15:52:23","modified_gmt":"2018-08-27T13:52:23","slug":"ein-startseiten-abschnitt","status":"publish","type":"page","link":"https:\/\/www.hoechel.com\/?page_id=65","title":{"rendered":"Dr. Dietmar H\u00f6chel"},"content":{"rendered":"<p><img loading=\"lazy\" decoding=\"async\" class=\"alignleft size-thumbnail wp-image-18\" src=\"https:\/\/www.hoechel.com\/wp-content\/uploads\/2018\/02\/dietmar2015-150x150.jpg\" alt=\"\" width=\"150\" height=\"150\" srcset=\"https:\/\/www.hoechel.com\/wp-content\/uploads\/2018\/02\/dietmar2015-150x150.jpg 150w, https:\/\/www.hoechel.com\/wp-content\/uploads\/2018\/02\/dietmar2015-300x300.jpg 300w, https:\/\/www.hoechel.com\/wp-content\/uploads\/2018\/02\/dietmar2015-100x100.jpg 100w, https:\/\/www.hoechel.com\/wp-content\/uploads\/2018\/02\/dietmar2015.jpg 591w\" sizes=\"auto, (max-width: 150px) 100vw, 150px\" \/><\/p>\n<p>&nbsp;<\/p>\n<p>&nbsp;<\/p>\n<p>&nbsp;<\/p>\n<p>Dr. med. Dietmar H\u00f6chel<\/p>\n<p>&nbsp;<\/p>\n<p>medizinische Ausbildung:<\/p>\n<p>1977 Abitur an der erweiterten OS Friedrich-Ludwig-Jahn in Greifswald<\/p>\n<p>1980 \u2013 1986 Studium der Medizin in Greifswald<\/p>\n<p>1986 akademischer Grad: Diplommediziner<\/p>\n<p>1986 \u20131990 Facharztausbildung an der Orthop\u00e4dischen Universit\u00e4tsklinik in Greifswald<\/p>\n<p>1990 Abschlu\u00df der Qualifizierung:Ultraschalldiagnostik am Bewegungsapparat<\/p>\n<p>1991 Abschlu\u00df der Qualifizierung: Ultraschalldiagnostik der S\u00e4uglingsh\u00fcfte<\/p>\n<p>1991 Promotion zum Doktor der Medizin in Greifswald<\/p>\n<p>1992 Fachkunde im Strahlenschutz nach R\u00f6ntgenverordnung<\/p>\n<p>1992 Abschlu\u00df des Lehrganges Neuraltherapie (DgfAN)<\/p>\n<p>1993 Zusatzbezeichnung Chirotherapie (\u00c4MM Berlin)<\/p>\n<p>01.04.1993 Niederlassung in Greifswald<\/p>\n<p>1998-2003 Weiterbildung \u201eOsteopathische Medizin\u201c bei der IAO (Belgien)<\/p>\n<p><img loading=\"lazy\" decoding=\"async\" class=\"aligncenter wp-image-15 size-full\" src=\"http:\/\/hoechel.com\/wp-content\/uploads\/2018\/02\/bildbg.jpg\" alt=\"\" width=\"386\" height=\"527\" srcset=\"https:\/\/www.hoechel.com\/wp-content\/uploads\/2018\/02\/bildbg.jpg 386w, https:\/\/www.hoechel.com\/wp-content\/uploads\/2018\/02\/bildbg-220x300.jpg 220w\" sizes=\"auto, (max-width: 386px) 100vw, 386px\" \/><\/p>\n","protected":false},"excerpt":{"rendered":"<p>&nbsp; &nbsp; &nbsp; Dr. med. Dietmar H\u00f6chel &nbsp; medizinische Ausbildung: 1977 Abitur an der erweiterten OS Friedrich-Ludwig-Jahn in Greifswald 1980 \u2013 1986 Studium der Medizin in Greifswald 1986 akademischer Grad: Diplommediziner 1986 \u20131990 Facharztausbildung an der Orthop\u00e4dischen Universit\u00e4tsklinik in Greifswald 1990 Abschlu\u00df der Qualifizierung:Ultraschalldiagnostik am Bewegungsapparat 1991 Abschlu\u00df der Qualifizierung: Ultraschalldiagnostik der S\u00e4uglingsh\u00fcfte 1991 Promotion &hellip; <\/p>\n<p class=\"link-more\"><a href=\"https:\/\/www.hoechel.com\/?page_id=65\" class=\"more-link\"><span class=\"screen-reader-text\">\u201eDr. Dietmar H\u00f6chel\u201c<\/span> weiterlesen<\/a><\/p>\n","protected":false},"author":3,"featured_media":0,"parent":0,"menu_order":0,"comment_status":"closed","ping_status":"closed","template":"","meta":{"footnotes":""},"class_list":["post-65","page","type-page","status-publish","hentry"],"_links":{"self":[{"href":"https:\/\/www.hoechel.com\/index.php?rest_route=\/wp\/v2\/pages\/65","targetHints":{"allow":["GET"]}}],"collection":[{"href":"https:\/\/www.hoechel.com\/index.php?rest_route=\/wp\/v2\/pages"}],"about":[{"href":"https:\/\/www.hoechel.com\/index.php?rest_route=\/wp\/v2\/types\/page"}],"author":[{"embeddable":true,"href":"https:\/\/www.hoechel.com\/index.php?rest_route=\/wp\/v2\/users\/3"}],"replies":[{"embeddable":true,"href":"https:\/\/www.hoechel.com\/index.php?rest_route=%2Fwp%2Fv2%2Fcomments&post=65"}],"version-history":[{"count":7,"href":"https:\/\/www.hoechel.com\/index.php?rest_route=\/wp\/v2\/pages\/65\/revisions"}],"predecessor-version":[{"id":303,"href":"https:\/\/www.hoechel.com\/index.php?rest_route=\/wp\/v2\/pages\/65\/revisions\/303"}],"wp:attachment":[{"href":"https:\/\/www.hoechel.com\/index.php?rest_route=%2Fwp%2Fv2%2Fmedia&parent=65"}],"curies":[{"name":"wp","href":"https:\/\/api.w.org\/{rel}","templated":true}]}}